Resums Climàtics NOAA

Selecciona un any o mes per veure el resum
2020: Gen Feb Mar abr Mai Jun jul Ago Set Oct Nov Des
2019: Gen Feb Mar abr Mai Jun jul Ago Set Oct Nov Des
2018: Gen Feb Mar abr Mai Jun jul Ago Set Oct Nov Des
2017: Gen Feb Mar abr Mai Jun jul Ago Set Oct Nov Des
2016: Gen Feb Mar abr Mai Jun jul Ago Set Oct Nov Des

Resum 2019 Novembre
                   Monthly Climatological Summary for nov. 2019

Name: Sant Baldiri   City: Lliçà d'Amunt   State: Barcelona
Elevation: 137 m  Lat: N 41° 36' 11"   Lon: E 002° 14' 24"

                  Temperature (°C), Rain (mm), Wind Speed (km/h)

                                      Heat  Cool        Avg
    Mean                              Deg   Deg         Wind                 Dom
Day Temp  High   Time   Low    Time   Days  Days  Rain  Speed High   Time    Dir
----------------------------------------------------------------------------------
 1  14,9  20,7   14:40   9,7   07:01  15,1  14,9   0,2   0,1  14,5   17:10   SSO
 2  17,9  25,1   13:31  12,2   07:19  12,1  17,9   0,2   0,7  24,1   15:37   OSO
 3  16,5  20,7   13:55  11,9   22:45  13,5  16,5   1,2   2,5  29,0   12:29   OSO
 4  16,8  22,8   16:00  10,0   06:44  13,2  16,8   0,0   2,8  40,2   13:28   OSO
 5  14,9  18,8   14:16  10,8   22:16  15,1  14,9   0,0   2,0  35,4   14:40   OSO
 6  12,3  18,9   14:31   7,7   23:30  17,7  12,3   0,0   0,8  17,7   10:32   NNO
 7  10,7  16,8   15:24   5,7   23:55  19,3  10,7   0,0   0,4  20,9   13:19    SO
 8   9,1  14,8   14:57   4,3   05:01  20,9   9,1   0,0   1,2  22,5   16:58     O
 9   9,7  15,8   15:53   4,2   06:23  20,3   9,7   0,0   0,4  19,3   17:24   OSO
10   9,9  15,6   14:19   5,8   22:32  20,1   9,9   2,0   0,7  22,5   03:22     N
11   9,1  16,8   15:19   3,8   05:54  20,9   9,1   0,0   0,4  19,3   04:00    SO
12   9,6  18,3   15:11   3,8   05:47  20,4   9,6   0,0   0,4  19,3   16:28     S
13   8,7  14,8   15:34   4,3   05:18  21,3   8,7   0,0   0,2  16,1   15:17   SSO
14   6,9  11,2   12:28   2,1   23:27  23,1   6,9   2,2   0,0   9,7   11:31     O
15   5,6  12,1   13:13   1,6   07:34  24,4   5,6   0,2   0,6  22,5   13:28   OSO
16   6,5  13,6   14:50   2,2   05:09  23,5   6,5   0,0   0,6  20,9   14:50    SO
17   7,3  13,8   13:53   2,3   03:33  22,7   7,3   0,0   0,5  17,7   10:49   NNO
18   8,2  14,9   15:04   3,2   08:42  21,7   8,3   0,0   0,2  14,5   15:15    SO
19   5,8  14,1   14:13   0,8   07:38  24,1   5,9   0,0   0,1  12,9   10:51   SSO
20   5,1  13,2   14:43  -1,2   07:06  24,9   5,2   0,2   0,1  12,9   14:31   SSO
21   7,7  15,4   13:35   3,2   04:58  22,3   7,7   0,2   0,3  16,1   14:08   SSO
22   9,8  15,6   13:54   3,6   04:59  20,2   9,8  22,4   0,5  32,2   23:49   SSE
23  12,0  16,4   13:34   7,2   07:57  18,0  12,0   2,8   1,5  25,7   12:25     O
24  10,9  16,9   14:57   6,4   23:42  19,1  10,9   0,0   0,3  19,3   08:24   OSO
25  10,2  18,6   15:22   5,3   08:11  19,8  10,2   0,0   0,1  14,5   05:54    SO
26  10,7  19,6   14:18   3,8   08:05  19,3  10,7   0,2   0,3  22,5   14:51   OSO
27  13,7  18,4   11:27   7,8   05:21  16,3  13,7   0,0   1,1  29,0   07:08   OSO
28  13,8  19,7   14:07   9,0   04:50  16,2  13,8   0,0   1,3  30,6   17:38   OSO
29  14,3  18,9   13:33  11,4   08:18  15,7  14,3   0,0   0,6  17,7   04:43    SO
30  11,5  19,1   15:17   6,2   08:13  18,5  11,5   0,2   0,2  17,7   14:17     S
----------------------------------------------------------------------------------
    10,7  25,1     2    -1,2    20   579,7 320,4  32,0   0,7  40,2     4     OSO

Max >=  30,0:  0
Max <=  10,0:  0
Min <=   0,0:  1
Min <=  -5,0:  0
Max Rain: 22,4 on day 22
Days of Rain: 12 (>= 0,2 mm)  1 (>= 10,0 mm)  1 (>= 20,0 mm)
Heat Base: 30,0  Cool Base: 0,0  Method: Integration