Resums Climàtics NOAA

Selecciona un any o mes per veure el resum
2020: Gen Feb Mar abr Mai Jun jul Ago Set Oct Nov Des
2019: Gen Feb Mar abr Mai Jun jul Ago Set Oct Nov Des
2018: Gen Feb Mar abr Mai Jun jul Ago Set Oct Nov Des
2017: Gen Feb Mar abr Mai Jun jul Ago Set Oct Nov Des
2016: Gen Feb Mar abr Mai Jun jul Ago Set Oct Nov Des

Resum 2019 Desembre
                   Monthly Climatological Summary for des. 2019

Name: Sant Baldiri   City: Lliçà d'Amunt   State: Barcelona
Elevation: 137 m  Lat: N 41° 36' 11"   Lon: E 002° 14' 24"

                  Temperature (°C), Rain (mm), Wind Speed (km/h)

                                      Heat  Cool        Avg
    Mean                              Deg   Deg         Wind                 Dom
Day Temp  High   Time   Low    Time   Days  Days  Rain  Speed High   Time    Dir
----------------------------------------------------------------------------------
 1  11,7  17,6   14:24   8,3   23:49  18,3  11,7   0,2   0,2  11,3   11:29   SSO
 2   7,9  14,8   14:47   4,3   08:15  19,3   6,9   0,0   0,0   4,8   03:37   ---
 3   8,0  13,4   23:56   1,6   08:27  22,0   8,0   0,2   2,1  30,6   23:10   NNE
 4  11,9  13,8   03:00  10,4   21:15  18,0  11,9  47,0  12,0  45,1   03:59   NNE
 5  10,5  12,4   12:22   8,8   22:43  19,2  10,3  15,2   3,7  29,0   14:22   NNE
 6  10,1  16,2   15:26   7,2   22:58  19,9  10,1   0,6   0,1  11,3   14:41     S
 7   9,4  17,0   15:27   5,2   08:31  20,6   9,4   0,4   0,0   9,7   11:02   ONO
 8   6,7  14,2   14:36   3,3   06:58  23,3   6,7   0,4   0,2  12,9   15:03   SSO
 9   9,7  16,4   15:26   4,2   07:35  20,3   9,7   0,2   1,2  25,7   18:35     O
10   6,6  13,8   14:29   1,5   08:23  23,4   6,6   0,0   0,1  14,5   05:29   ONO
11   6,0  13,7   13:53   1,7   06:27  24,0   6,0   1,8   0,1  16,1   14:26   OSO
12   7,6  11,7   16:02   2,6   05:00  22,4   7,6   0,0   1,4  22,5   17:23     O
13  14,8  19,8   15:05   9,8   00:05  15,2  14,8   0,0   4,5  41,8   10:34     O
14  12,7  16,1   13:46   6,9   23:55  17,3  12,7   0,0   1,0  22,5   09:45   NNO
15  10,6  18,7   15:38   5,9   08:12  19,4  10,6   0,0   0,2  16,1   13:42     O
16   9,0  14,6   15:00   4,3   06:46  21,0   9,0   0,0   0,1   8,0   15:09    NE
17  12,9  17,7   13:03   9,7   23:42  17,1  12,9   0,0   0,2  14,5   05:01   NNE
18  12,2  17,8   15:07   7,2   08:36  17,8  12,2   0,0   0,1  11,3   08:50     N
19  10,2  15,7   14:52   6,3   08:40  19,8  10,2   0,2   0,1  12,9   15:17   SSE
20  13,0  17,8   14:32  10,6   22:04  17,0  13,0  13,0   0,6  27,4   12:56   SSO
21  13,7  18,6   13:21  10,2   00:53  16,3  13,7   0,8   2,6  56,3   21:48    SO
22  14,7  17,8   15:01  11,3   22:45  15,3  14,7   0,0   4,9  40,2   11:09   OSO
23  10,3  16,4   14:30   5,4   23:57  19,6  10,2   0,0   0,9  16,1   01:53   ONO
24   9,0  18,3   13:27   3,2   07:54  21,0   9,0   0,0   0,3  12,9   10:59    SE
25   9,5  18,2   15:11   4,2   08:03  20,5   9,5   0,4   0,0  11,3   12:29   SSO
26   9,3  17,1   13:46   4,5   08:07  20,7   9,3   0,2   0,2   9,7   14:20     O
27   7,4  14,5   15:15   2,9   08:37  22,6   7,4   0,4   0,2  11,3   12:52   SSE
28   7,1  15,1   14:11   1,2   07:44  22,9   7,1   0,2   0,3  11,3   14:36   SSE
29   9,7  14,4   13:32   6,9   04:01  20,3   9,7   0,2   0,3  14,5   14:45    SO
30   8,4  14,3   14:58   4,4   07:58  21,6   8,4   0,0   0,5  19,3   14:44   SSO
31   6,8  13,8   14:40   2,9   02:47  23,2   6,8   0,2   0,4  22,5   13:45    SO
----------------------------------------------------------------------------------
     9,9  19,8    13     1,2    28   619,3 306,1  81,6   1,2  56,3    21      NO

Max >=  30,0:  0
Max <=  10,0:  0
Min <=   0,0:  0
Min <=  -5,0:  0
Max Rain: 47,0 on day 4
Days of Rain: 18 (>= 0,2 mm)  3 (>= 10,0 mm)  1 (>= 20,0 mm)
Heat Base: 30,0  Cool Base: 0,0  Method: Integration