Resums Climàtics NOAA

Selecciona un any o mes per veure el resum
2020: Gen Feb Mar abr Mai Jun jul Ago Set Oct Nov Des
2019: Gen Feb Mar abr Mai Jun jul Ago Set Oct Nov Des
2018: Gen Feb Mar abr Mai Jun jul Ago Set Oct Nov Des
2017: Gen Feb Mar abr Mai Jun jul Ago Set Oct Nov Des
2016: Gen Feb Mar abr Mai Jun jul Ago Set Oct Nov Des

Resum 2020
                   Annual Climatological Summary for 2020

Name: Sant Baldiri   City: Lliçà d'Amunt   State: Barcelona
Elevation: 137 m  Lat: N 41° 36' 11"   Lon: E 002° 14' 24"

                  Temperature (°C), Heat Base: 30,0  Cool Base: 0,0
                          Dep.  Heat  Cool                       Max  Max  Min  Min
        Mean  Mean        From  Deg   Deg                        >=   <=   <=   <=
 YR MO  Max   Min   Mean  Norm  Days  Days  Hi  Date  Low  Date 30,0 10,0  0,0  -5,0
------------------------------------------------------------------------------------
 20  1  14,5   2,8   7,6   0.0   692   237  20,3  31  -1,6   13    0    0    7    0
 20  2  18,7   5,4  11,3   0.0   538   323  24,0   3   1,2    6    0    0    0    0
 20  3  17,0   6,1  11,1   0.0   581   336  24,2  12  -0,1   27    0    0    1    0
 20  4  19,4   9,1  14,0   0.0   479   419  23,4  30   3,2    5    0    0    0    0
 20  5  25,4  12,9  19,0   0.0   342   587  30,6  21  10,6    1    2    0    0    0
 20  6  25,8  15,0  20,2   0.0   293   606  30,8  26  10,3   10    3    0    0    0
 20  7  31,2  18,6  24,6   0.0   177   761  36,7  30  16,6    5   21    0    0    0
 20  8  31,5  19,0  24,9   0.0   170   770  36,0   9  11,7   31   20    0    0    0
 20  9  28,5  15,8  21,2   0.0   202   488  32,2  13  12,2    8    8    0    0    0
 20 10
 20 11
 20 12
------------------------------------------------------------------------------------
        23,5  11,6  17,1   0.0  3478  4531  36,7jul.  -1,6 gen.   54    0    8    0

                                Precipitation (mm)

              Dep.   Max        Days of Rain
              From   Obs.           >=
 YR MO Total  Norm   Day Date  0,2 10,0 20,0
---------------------------------------------
 20  1 146,5   0.0  78,8  21    26    4    2
 20  2   3,2   0.0   0,2   1    16    0    0
 20  3  55,4   0.0  16,4  23    15    3    0
 20  4 152,7   0.0  55,3  19    13    3    3
 20  5  60,1   0.0  20,8  14    11    2    2
 20  6  91,3   0.0  21,1  18    15    4    1
 20  7  36,4   0.0  32,2   3     4    1    1
 20  8  25,4   0.0  13,0  29     9    1    0
 20  9  64,2   0.0  22,6  19    13    3    1
 20 10
 20 11
 20 12
---------------------------------------------
       635,2   0.0  78,8 gen.  122   21   10

                                Wind Speed (km/h)
                          Dom
 YR MO   Avg.  Hi   Date  Dir
------------------------------
 20  1   2,0  56,3   21   NNE
 20  2   0,8  32,2   27   SSO
 20  3   2,0  51,5    1   NNE
 20  4   1,9  48,3   30    NE
 20  5   1,3  45,1   11    SE
 20  6   1,1  32,2   13   ESE
 20  7   1,1  37,0   10   ESE
 20  8   1,3  37,0   19    SE
 20  9   0,8  35,4    8   ESE
 20 10
 20 11
 20 12
------------------------------
         1,4  56,3 gen.   ENE