Resums Climàtics NOAA

Selecciona un any o mes per veure el resum
2020: Gen Feb Mar abr Mai Jun jul Ago Set Oct Nov Des
2019: Gen Feb Mar abr Mai Jun jul Ago Set Oct Nov Des
2018: Gen Feb Mar abr Mai Jun jul Ago Set Oct Nov Des
2017: Gen Feb Mar abr Mai Jun jul Ago Set Oct Nov Des
2016: Gen Feb Mar abr Mai Jun jul Ago Set Oct Nov Des

Resum 2020 Gener
                   Monthly Climatological Summary for gen. 2020

Name: Sant Baldiri   City: Lliçà d'Amunt   State: Barcelona
Elevation: 137 m  Lat: N 41° 36' 11"   Lon: E 002° 14' 24"

                  Temperature (°C), Rain (mm), Wind Speed (km/h)

                                      Heat  Cool        Avg
    Mean                              Deg   Deg         Wind                 Dom
Day Temp  High   Time   Low    Time   Days  Days  Rain  Speed High   Time    Dir
----------------------------------------------------------------------------------
 1   5,3  13,1   15:16  -0,2   08:11  24,7   5,3   0,2   0,1   8,0   17:01   SSE
 2   4,9  12,9   15:13  -0,1   06:26  25,1   4,9   0,2   0,6  19,3   14:36   SSO
 3   4,8  11,4   13:52   0,4   07:48  25,2   4,8   0,2   0,1   8,0   11:03   OSO
 4   5,1  14,3   16:04  -0,3   07:13  24,9   5,1   0,2   0,1   8,0   12:52   SSE
 5   5,3  15,0   15:22  -1,0   08:35  24,7   5,4   0,2   0,3   8,0   13:46    NO
 6   5,9  14,4   15:25   0,2   06:38  24,1   5,9   0,2   0,3   8,0   13:24     O
 7   5,8  14,1   14:44   0,2   08:16  24,2   5,8   0,2   0,1   9,7   12:56     S
 8   6,9  16,1   15:28   0,8   05:49  23,1   6,9   0,2   0,1   9,7   14:54   SSE
 9   7,0  14,6   15:55   1,9   06:17  23,0   7,0   0,4   0,4  17,7   15:35   SSO
10   7,8  11,9   15:47   4,0   23:58  22,2   7,8  11,2   1,1  20,9   09:29     N
11   5,0  12,2   15:15   0,9   07:28  25,0   5,0   0,4   0,1   6,4   13:04   OSO
12   4,3  13,3   15:06  -1,3   07:56  25,7   4,5   0,2   0,0   6,4   13:31   SSE
13   3,9  11,8   15:10  -1,6   07:27  26,1   4,1   0,2   0,1   8,0   11:35     S
14   5,3  15,3   15:18  -1,2   08:27  24,7   5,4   0,2   0,6  16,1   13:39   SSO
15   6,1  14,7   15:21   0,4   07:40  23,9   6,1   0,2   0,4  16,1   14:37   SSO
16   6,9  15,4   15:38   0,7   08:11  23,1   6,9   0,0   0,4  12,9   14:39   SSO
17   9,3  18,1   13:33   3,5   07:34  20,5   9,3   0,2   0,1  27,4   14:12   OSO
18   7,9  14,6   15:07   4,3   07:24  22,1   7,9   0,0  ----  17,7   15:08   SSO
19   9,6  12,4   15:42   6,6   08:32  20,4   9,6   0,6  ----  41,8   23:19   NNE
20   9,3  10,8   01:03   7,1   20:11  20,7   9,3   4,0  ----  56,3   16:32   NNE
21   9,3  10,7   19:36   7,3   01:26  20,7   9,3  78,8  ----  56,3   02:02   NNE
22  11,6  13,8   15:40   8,5   06:14  18,3  11,6  31,3  ----  35,4   11:04   NNE
23  11,4  15,1   15:53   5,7   23:43  18,6  11,4  14,0  ----  35,4   03:59   NNE
24   7,5  16,2   16:06   2,7   07:02  22,5   7,5   0,0  ----  14,5   15:20   SSO
25   8,9  14,2   14:00   4,8   08:02  21,1   8,9   0,0  ----   8,0   14:00   ONO
26   9,2  15,7   14:18   4,7   08:11  20,8   9,2   2,4  ----  22,5   15:24   ENE
27   8,7  13,7   13:59   3,3   08:03  21,3   8,7   0,2  ----  25,7   13:19    SO
28  11,2  17,3   14:35   6,6   05:25  18,8  11,2   0,0  ----  24,1   15:13   OSO
29   9,8  16,8   16:30   4,9   05:46  20,2   9,8   0,2  ----  12,9   13:32   SSE
30  10,7  19,6   15:23   5,3   06:35  19,3  10,7   0,2  ----  14,5   14:52     O
31  12,1  20,3   14:56   6,7   05:09  17,9  12,1   0,2  ----  16,1   16:11   SSO
----------------------------------------------------------------------------------
     7,6  20,3    31    -1,6    13   692,9 237,4 146,5   0,3  56,3    20      SO

Max >=  30,0:  0
Max <=  10,0:  0
Min <=   0,0:  7
Min <=  -5,0:  0
Max Rain: 78,8 on day 21
Days of Rain: 26 (>= 0,2 mm)  4 (>= 10,0 mm)  2 (>= 20,0 mm)
Heat Base: 30,0  Cool Base: 0,0  Method: Integration