Resums Climàtics NOAA

Selecciona un any o mes per veure el resum
2020: Gen Feb Mar abr Mai Jun jul Ago Set Oct Nov Des
2019: Gen Feb Mar abr Mai Jun jul Ago Set Oct Nov Des
2018: Gen Feb Mar abr Mai Jun jul Ago Set Oct Nov Des
2017: Gen Feb Mar abr Mai Jun jul Ago Set Oct Nov Des
2016: Gen Feb Mar abr Mai Jun jul Ago Set Oct Nov Des

Resum 2020 Febrer
                   Monthly Climatological Summary for febr. 2020

Name: Sant Baldiri   City: Lliçà d'Amunt   State: Barcelona
Elevation: 137 m  Lat: N 41° 36' 11"   Lon: E 002° 14' 24"

                  Temperature (°C), Rain (mm), Wind Speed (km/h)

                                      Heat  Cool        Avg
    Mean                              Deg   Deg         Wind                 Dom
Day Temp  High   Time   Low    Time   Days  Days  Rain  Speed High   Time    Dir
----------------------------------------------------------------------------------
 1  12,0  20,9   15:35   5,8   07:41  18,0  12,0   0,2   0,3  12,9   16:30   SSE
 2  13,7  23,1   15:52   6,6   07:53  16,3  13,7   0,2   0,5  17,7   12:58    SO
 3  15,8  24,0   14:47  10,2   08:32  14,2  15,8   0,0   0,3  14,5   15:18   SSO
 4  13,1  20,0   13:31   8,5   23:40  16,9  13,1   0,0   0,8  17,7   15:21    SE
 5   9,2  17,5   15:14   2,8   07:33  20,8   9,2   0,0   0,4  14,5   12:26   SSO
 6   7,4  16,4   15:15   1,2   06:03  22,3   7,4   0,2   0,8  29,0   14:12     S
 7   8,4  14,1   14:55   3,2   08:06  21,6   8,4   0,2   0,3  14,5   13:11   SSO
 8  10,1  15,4   13:51   5,8   07:23  19,9  10,1   0,0   0,6  19,3   14:12   SSO
 9  10,0  17,8   15:35   3,2   08:13  20,0  10,0   0,2   1,2  24,1   14:56   SSO
10  14,3  22,0   13:41   8,6   07:01  15,7  14,3   0,0   0,9  19,3   16:22     O
11  12,6  16,7   12:28   7,8   02:46  17,4  12,6   0,0   0,6  14,5   12:47    NE
12  11,2  13,0   00:00   9,8   23:08  18,6  11,1   0,2   0,1  11,3   08:00   ESE
13  12,5  20,2   15:51   6,9   07:51  17,5  12,5   0,2   0,9  22,5   13:30    SO
14  10,9  16,7   15:22   6,4   07:18  19,1  10,9   0,2   0,2  11,3   14:07   SSO
15  10,8  17,9   14:22   5,4   07:27  19,2  10,8   0,2   0,5  17,7   14:48    SE
16  12,4  17,1   13:49   7,3   08:35  17,6  12,4   0,0   1,5  25,7   11:06   SSO
17  12,8  20,6   14:57   6,2   07:45  17,0  12,7   0,0   1,1  20,9   16:17   SSE
18  10,4  15,2   15:08   6,2   23:43  19,4  10,3   0,2   0,4  14,5   15:11    SE
19   8,4  15,4   14:31   2,8   07:49  21,4   8,3   0,0   0,5  16,1   14:51     S
20   8,7  18,6   15:50   1,3   07:15  20,8   8,5   0,2   0,8  22,5   14:21   SSO
21  10,4  19,5   15:28   3,0   07:17  19,4  10,2   0,0   1,2  25,7   14:03   SSO
22  10,1  19,2   15:03   3,0   06:47  19,6   9,9   0,2   0,2  14,5   16:32     S
23  11,8  23,7   15:24   3,0   07:31  17,8  11,6   0,2   0,5  17,7   16:13     S
24  12,4  23,7   15:42   4,4   07:32  17,4  12,3   0,2   0,3  17,7   14:16     S
25   9,8  16,6   13:11   4,3   07:14  19,9   9,7   0,2   0,2  17,7   15:18   ESE
26  11,1  19,3   15:16   4,7   06:59  18,7  11,0   0,2   1,9  27,4   11:39     O
27  12,0  19,1   16:02   7,3   08:10  17,7  11,9   0,0   2,3  32,2   12:48   OSO
28  11,2  16,9   12:12   5,8   07:35  18,6  11,0   0,0   1,3  27,4   12:09     S
----------------------------------------------------------------------------------
    11,2  24,0     3     1,2     6   522,8 311,7   3,2   0,7  32,2    27     SSO

Max >=  30,0:  0
Max <=  10,0:  0
Min <=   0,0:  0
Min <=  -5,0:  0
Max Rain: 0,2 on day 1
Days of Rain: 16 (>= 0,2 mm)  0 (>= 10,0 mm)  0 (>= 20,0 mm)
Heat Base: 30,0  Cool Base: 0,0  Method: Integration