Resums Climàtics NOAA

Selecciona un any o mes per veure el resum
2020: Gen Feb Mar abr Mai Jun jul Ago Set Oct Nov Des
2019: Gen Feb Mar abr Mai Jun jul Ago Set Oct Nov Des
2018: Gen Feb Mar abr Mai Jun jul Ago Set Oct Nov Des
2017: Gen Feb Mar abr Mai Jun jul Ago Set Oct Nov Des
2016: Gen Feb Mar abr Mai Jun jul Ago Set Oct Nov Des

Resum 2020 Març
                   Monthly Climatological Summary for març 2020

Name: Sant Baldiri   City: Lliçà d'Amunt   State: Barcelona
Elevation: 137 m  Lat: N 41° 36' 11"   Lon: E 002° 14' 24"

                  Temperature (°C), Rain (mm), Wind Speed (km/h)

                                      Heat  Cool        Avg
    Mean                              Deg   Deg         Wind                 Dom
Day Temp  High   Time   Low    Time   Days  Days  Rain  Speed High   Time    Dir
----------------------------------------------------------------------------------
 1  16,6  19,9   17:00  10,1   07:33   8,6  10,6   0,0   5,3  51,5   15:28   OSO
 2  12,5  18,2   14:37   7,2   23:58  17,5  12,4   7,6   3,7  46,7   11:25   OSO
 3   9,4  14,8   15:48   4,2   03:14  20,6   9,4   0,0   2,8  37,0   13:20   OSO
 4   9,9  16,4   12:44   4,8   06:23  20,1   9,9   0,0   0,4  16,1   13:57     E
 5  12,6  21,3   15:22   6,2   06:50  17,4  12,6   0,4   3,2  38,6   17:05   OSO
 6  10,1  17,7   14:24   5,9   07:05  19,9  10,1   0,0   1,9  29,0   10:35   ONO
 7   9,0  16,4   13:28   0,5   07:10  21,0   9,0   0,0   2,3  27,4   15:10     S
 8  10,5  18,4   14:13   4,5   07:23  19,5  10,5   0,0   0,7  19,3   14:01    SE
 9  10,6  18,6   13:45   5,8   05:36  19,4  10,6   0,0   1,5  27,4   13:27    SE
10  11,2  17,9   14:08   5,7   07:04  18,8  11,2   0,0   1,0  24,1   12:46   SSO
11  12,3  21,4   14:56   5,3   06:20  17,7  12,3   0,0   0,6  14,5   14:35   SSO
12  13,8  24,2   15:46   6,9   07:54  16,1  13,8   0,2   0,6  19,3   16:28   SSO
13  13,4  21,9   15:30   7,8   06:29  16,6  13,4   0,0   0,8  19,3   14:46     S
14  12,7  16,7   13:04   9,2   23:55  17,3  12,7   0,0   0,4  12,9   13:05   ESE
15  11,8  17,5   12:48   7,6   07:30  18,2  11,8   0,2   1,1  24,1   16:11   SSE
16  12,4  13,5   11:00  11,8   00:00  17,6  12,4  12,2   7,1  32,2   21:10   NNE
17  13,6  16,4   15:44  10,3   23:21  16,4  13,6   0,0   5,2  27,4   00:08   NNE
18  11,7  17,5   15:41   7,4   07:24  18,3  11,7   0,0   0,1  12,9   14:28    SE
19  10,3  17,1   12:19   4,3   06:46  19,7  10,3   0,2   0,8  16,1   12:13   SSE
20   9,9  17,7   13:57   3,3   06:02  20,1   9,9   0,2   1,0  20,9   12:36    SE
21  10,3  17,3   14:31   3,2   06:49  19,7  10,3   0,2   0,5  14,5   14:58     E
22  11,9  15,7   10:42   7,8   05:30  18,1  11,9  11,0   1,6  24,1   17:29   ENE
23  12,2  16,3   13:56  10,5   05:17  17,8  12,2  16,4   4,7  35,4   18:12   NNE
24  11,0  14,7   13:33   8,6   21:44  19,0  10,9   0,0   5,9  40,2   12:24   NNE
25   8,5  12,3   11:56   2,9   23:56  21,5   8,5   0,0   1,3  20,9   01:25    NE
26   5,8  11,3   11:24   0,9   04:48  24,2   5,8   0,2   3,3  30,6   14:42   NNE
27   6,9  14,8   14:06  -0,1   06:49  23,1   6,9   0,6   0,3  20,9   16:41    SE
28  11,6  18,6   15:09   6,3   06:52  18,4  11,6   0,0   0,4  16,1   15:06   SSE
29  11,7  20,2   14:30   4,9   07:36  17,5  11,2   1,0   0,7  20,9   14:59    SE
30   9,2  11,0   04:16   7,4   20:42  20,8   9,2   3,2   0,6  16,1   04:48     N
31   9,7  12,6   14:11   7,3   01:30  20,3   9,7   1,8   4,2  25,7   20:06   NNE
----------------------------------------------------------------------------------
    11,1  24,2    12    -0,1    27   581,2 336,4  55,4   2,0  51,5     1     NNE

Max >=  30,0:  0
Max <=  10,0:  0
Min <=   0,0:  1
Min <=  -5,0:  0
Max Rain: 16,4 on day 23
Days of Rain: 15 (>= 0,2 mm)  3 (>= 10,0 mm)  0 (>= 20,0 mm)
Heat Base: 30,0  Cool Base: 0,0  Method: Integration