Resums Climàtics NOAA

Selecciona un any o mes per veure el resum
2020: Gen Feb Mar abr Mai Jun jul Ago Set Oct Nov Des
2019: Gen Feb Mar abr Mai Jun jul Ago Set Oct Nov Des
2018: Gen Feb Mar abr Mai Jun jul Ago Set Oct Nov Des
2017: Gen Feb Mar abr Mai Jun jul Ago Set Oct Nov Des
2016: Gen Feb Mar abr Mai Jun jul Ago Set Oct Nov Des

Resum 2020 abril
                   Monthly Climatological Summary for abr. 2020

Name: Sant Baldiri   City: Lliçà d'Amunt   State: Barcelona
Elevation: 137 m  Lat: N 41° 36' 11"   Lon: E 002° 14' 24"

                  Temperature (°C), Rain (mm), Wind Speed (km/h)

                                      Heat  Cool        Avg
    Mean                              Deg   Deg         Wind                 Dom
Day Temp  High   Time   Low    Time   Days  Days  Rain  Speed High   Time    Dir
----------------------------------------------------------------------------------
 1  10,3  11,0   16:20   9,3   20:09  19,7  10,3   4,8   7,6  33,8   17:52   NNE
 2  11,1  14,8   15:58   8,1   06:15  18,8  11,1   0,0   4,4  29,0   14:09   NNE
 3  10,8  18,3   15:29   3,7   07:21  19,2  10,8   0,2   1,6  25,7   13:09   SSO
 4  11,3  19,0   14:37   4,0   07:48  18,7  11,3   0,0   1,1  27,4   15:06   SSE
 5  10,9  18,8   14:11   3,2   07:33  19,1  10,9   0,0   1,0  20,9   13:48   SSE
 6  11,7  19,0   15:06   5,4   07:25  18,3  11,7   0,0   0,9  25,7   14:42   SSE
 7  12,9  19,2   15:47   7,7   07:15  17,1  12,9   0,0   0,5  19,3   16:11   SSE
 8  14,1  20,2   15:33   9,1   07:49  15,9  14,1   0,0   1,0  24,1   16:25   SSE
 9  13,5  20,5   15:06   7,7   06:13  16,5  13,5   0,0   0,7  22,5   14:44     S
10  13,3  21,3   14:05   5,8   07:26  16,7  13,3   0,0   1,0  25,7   13:48   SSE
11  13,4  21,2   16:17   6,2   07:38  16,6  13,4   0,2   1,0  29,0   13:32   SSO
12  13,4  20,5   13:26   6,9   06:41  16,6  13,4   0,0   1,0  20,9   12:59    SE
13  11,9  14,4   16:20   8,6   01:10  18,1  11,8  21,6   4,3  37,0   16:23     N
14  14,4  19,8   14:26  10,4   07:41  15,6  14,4   0,2   0,9  20,9   13:20   ESE
15  13,9  19,7   13:00   8,3   05:04  16,1  13,9   0,6   1,7  25,7   15:34   NNE
16  15,9  21,1   14:45  12,6   07:49  13,9  15,7   0,0   0,6  17,7   16:58   ENE
17  15,8  20,4   17:30  11,4   07:51  14,2  15,8   0,0   0,8  19,3   13:16    SE
18  15,7  21,4   16:12  11,7   07:22  14,3  15,7   6,9   1,9  30,6   21:12    NE
19  15,0  15,9   12:02  14,3   05:14  14,9  15,0  55,3   1,2  16,1   00:03     N
20  15,1  17,2   16:46  13,9   06:50  14,9  15,1   8,0   0,2  14,5   13:41     S
21  14,0  14,8   15:09  13,0   23:52  16,0  14,0  45,9   4,1  32,2   18:44     N
22  13,5  15,2   11:50  12,2   05:52  16,5  13,5   8,1   5,5  37,0   17:47     N
23  16,0  22,1   14:59  11,7   06:06  14,0  16,0   0,0   0,5  19,3   16:32   SSE
24  16,4  21,9   14:55  11,6   07:11  13,6  16,4   0,0   1,0  24,1   15:51    SE
25  15,0  21,2   12:43   8,3   06:44  15,0  15,0   0,0   1,3  22,5   14:23   ESE
26  15,4  22,1   13:01   8,9   06:10  14,6  15,4   0,0   1,1  22,5   13:21   ESE
27  15,2  20,2   15:23  10,1   07:15  14,8  15,2   0,3   0,6  17,7   12:33   SSE
28  16,8  23,1   15:01  11,2   05:57  13,2  16,8   0,6   2,4  43,5   17:38    SO
29  15,8  23,1   16:32   8,2   05:51  14,2  15,8   0,0   2,6  32,2   16:50     S
30  17,2  23,4   16:57  10,4   05:30  12,8  17,2   0,0   3,3  48,3   13:37    SO
----------------------------------------------------------------------------------
    14,0  23,4    30     3,2     5   479,9 419,4 152,7   1,9  48,3    30      NE

Max >=  30,0:  0
Max <=  10,0:  0
Min <=   0,0:  0
Min <=  -5,0:  0
Max Rain: 55,3 on day 19
Days of Rain: 13 (>= 0,2 mm)  3 (>= 10,0 mm)  3 (>= 20,0 mm)
Heat Base: 30,0  Cool Base: 0,0  Method: Integration