Resums Climàtics NOAA

Selecciona un any o mes per veure el resum
2020: Gen Feb Mar abr Mai Jun jul Ago Set Oct Nov Des
2019: Gen Feb Mar abr Mai Jun jul Ago Set Oct Nov Des
2018: Gen Feb Mar abr Mai Jun jul Ago Set Oct Nov Des
2017: Gen Feb Mar abr Mai Jun jul Ago Set Oct Nov Des
2016: Gen Feb Mar abr Mai Jun jul Ago Set Oct Nov Des

Resum 2020 Maig
                   Monthly Climatological Summary for maig 2020

Name: Sant Baldiri   City: Lliçà d'Amunt   State: Barcelona
Elevation: 137 m  Lat: N 41° 36' 11"   Lon: E 002° 14' 24"

                  Temperature (°C), Rain (mm), Wind Speed (km/h)

                                      Heat  Cool        Avg
    Mean                              Deg   Deg         Wind                 Dom
Day Temp  High   Time   Low    Time   Days  Days  Rain  Speed High   Time    Dir
----------------------------------------------------------------------------------
 1  19,8  26,7   16:50  10,6   03:30  10,2  19,8   0,0   3,2  37,0   14:03    SO
 2  19,1  26,4   14:14  12,2   06:37  10,9  19,1   0,0   1,3  22,5   14:53   ESE
 3  18,3  24,3   14:56  12,2   06:20  11,7  18,3   0,0   0,9  20,9   14:02    SE
 4  19,5  27,2   15:47  12,1   05:34  10,5  19,5   0,3   1,0  25,7   15:00   SSE
 5  19,1  27,2   14:15  12,8   06:45  10,9  19,1   0,0   0,3  16,1   15:11   ESE
 6  19,5  27,1   14:30  12,4   06:03  10,5  19,5   0,0   1,1  25,7   15:27    SE
 7  19,2  26,3   14:02  13,2   05:10  10,8  19,2   0,0   0,9  20,9   13:24   ESE
 8  19,0  25,6   14:59  11,2   06:59  11,0  19,0   0,0   0,9  24,1   15:09   ESE
 9  16,4  20,1   18:04  10,6   04:52  13,6  16,4   0,0   1,1  24,1   14:46   NNE
10  16,7  18,8   16:14  13,6   22:58  13,3  16,7  20,7   2,2  29,0   14:07    SE
11  18,0  24,3   16:32  12,9   04:26  12,0  18,0   1,3   4,7  45,1   13:47    SO
12  16,4  21,2   13:42  11,3   06:59  13,6  16,4   0,0   1,4  20,9   14:13   ENE
13  18,6  24,7   17:35  14,1   06:36  11,4  18,6   1,8   3,3  33,8   13:22   OSO
14  15,7  19,3   10:47  12,5   23:56  14,3  15,7  20,8   0,9  19,3   10:35   NNE
15  16,3  21,7   17:25  11,3   02:45  13,7  16,3   0,5   1,0  20,9   13:24     E
16  15,7  23,2   13:09  13,2   06:29  14,3  15,7   8,6   0,5  25,7   13:54     S
17  17,6  23,7   15:43  12,4   06:38  12,4  17,6   0,0   1,3  19,3   15:02   ESE
18  18,6  25,2   17:55  11,2   06:49  11,4  18,6   0,0   0,8  20,9   15:56    SE
19  20,0  28,4   14:24  12,1   06:30  10,0  20,0   0,3   1,1  22,5   14:28    SE
20  20,7  29,1   14:02  12,1   06:23   9,3  20,7   0,0   0,9  29,0   14:03    SE
21  22,1  30,6   15:47  13,4   06:51   7,9  22,0   0,0   1,0  25,7   15:29   SSE
22  22,5  30,4   13:26  15,0   07:03   7,5  22,5   0,0   0,9  25,7   14:19    SE
23  21,3  29,1   15:04  13,4   06:38   8,7  21,3   0,0   1,5  24,1   18:49     E
24  20,2  24,4   12:54  17,6   00:33   9,8  20,2   0,0   1,0  24,1   12:34    SE
25  20,7  25,7   14:26  16,6   23:56   9,3  20,7   0,0   1,0  25,7   14:04    SE
26  20,3  27,4   12:57  12,7   06:33   9,7  20,3   0,0   1,2  25,7   13:57    SE
27  20,5  26,8   13:00  13,8   04:52   9,5  20,5   0,0   1,2  20,9   17:08     E
28  19,8  25,7   12:58  13,1   06:33  10,2  19,8   0,0   1,0  22,5   16:12    SE
29  19,0  28,3   13:09  12,9   06:50  11,0  19,0   5,2   1,1  19,3   15:55   ESE
30  18,4  23,9   14:24  13,4   05:28  11,5  18,3   0,3   1,3  20,9   14:02   ESE
31  18,7  24,1   15:57  12,5   06:26  11,3  18,7   0,3   1,4  24,1   17:00    SE
----------------------------------------------------------------------------------
    19,0  30,6    21    10,6     1   342,2 587,5  60,1   1,3  45,1    11      SE

Max >=  30,0:  2
Max <=  10,0:  0
Min <=   0,0:  0
Min <=  -5,0:  0
Max Rain: 20,8 on day 14
Days of Rain: 11 (>= 0,2 mm)  2 (>= 10,0 mm)  2 (>= 20,0 mm)
Heat Base: 30,0  Cool Base: 0,0  Method: Integration