Resums Climàtics NOAA

Selecciona un any o mes per veure el resum
2020: Gen Feb Mar abr Mai Jun jul Ago Set Oct Nov Des
2019: Gen Feb Mar abr Mai Jun jul Ago Set Oct Nov Des
2018: Gen Feb Mar abr Mai Jun jul Ago Set Oct Nov Des
2017: Gen Feb Mar abr Mai Jun jul Ago Set Oct Nov Des
2016: Gen Feb Mar abr Mai Jun jul Ago Set Oct Nov Des

Resum 2020 Juny
                   Monthly Climatological Summary for juny 2020

Name: Sant Baldiri   City: Lliçà d'Amunt   State: Barcelona
Elevation: 137 m  Lat: N 41° 36' 11"   Lon: E 002° 14' 24"

                  Temperature (°C), Rain (mm), Wind Speed (km/h)

                                      Heat  Cool        Avg
    Mean                              Deg   Deg         Wind                 Dom
Day Temp  High   Time   Low    Time   Days  Days  Rain  Speed High   Time    Dir
----------------------------------------------------------------------------------
 1  19,7  24,1   16:28  14,7   06:30  10,3  19,7   5,5   0,3  17,7   16:19   ESE
 2  19,3  25,9   13:21  13,6   06:47  10,7  19,3   0,3   0,9  19,3   15:39   ESE
 3  20,6  26,3   14:45  15,3   06:25   9,4  20,6   8,3   1,3  22,5   12:45    SE
 4  17,6  21,7   16:35  13,3   23:59  12,4  17,6   1,8   1,2  24,1   20:03     N
 5  17,4  23,9   13:37  10,4   04:28  12,6  17,4   0,3   1,5  22,5   14:25   ESE
 6  19,8  26,1   14:53  13,0   06:23  10,2  19,8   1,6   1,4  22,5   15:29     E
 7  18,0  22,2   14:02  14,8   23:40  12,0  18,0  13,8   0,5  17,7   16:05     N
 8  15,6  20,6   16:16  12,8   23:55  14,4  15,6   5,5   1,4  30,6   15:06   SSE
 9  15,0  21,8   12:11  10,4   07:05  15,0  15,0  14,6   0,7  20,9   13:47    NE
10  16,3  22,2   15:21  10,3   06:27  13,7  16,3   0,5   1,2  29,0   15:48     E
11  18,1  22,6   13:34  14,5   03:48  11,8  18,0   0,0   0,4  19,3   13:46   ESE
12  21,1  26,6   16:00  16,6   23:59   8,9  21,1   0,0   1,7  25,7   11:29   SSO
13  20,1  27,3   17:59  12,8   06:03   9,9  20,1   0,0   2,3  32,2   15:24     O
14  19,4  24,5   13:53  12,4   05:37  10,6  19,4   0,0   1,2  25,7   14:59    SE
15  19,9  25,2   14:56  14,6   06:11  10,1  19,9   0,0   1,9  30,6   13:01    SE
16  17,8  20,8   18:53  16,2   23:58  12,2  17,8   6,2   0,2  14,5   17:35     S
17  18,2  23,8   13:03  13,2   06:11  11,8  18,2   0,3   1,5  25,7   15:32     E
18  18,1  23,5   15:47  14,6   05:26  11,9  18,1  21,1   0,9  19,3   15:02   ESE
19  19,2  23,9   15:14  15,1   05:20  10,8  19,2   0,0   1,0  29,0   15:19    SE
20  20,3  25,7   12:59  13,9   06:04   9,7  20,3  11,2   1,3  32,2   14:15    SE
21  22,1  28,6   15:06  15,7   05:52   7,9  22,1   0,3   0,8  22,5   16:15    SE
22  22,4  28,6   12:06  17,1   06:23   7,6  22,4   0,0   1,5  20,9   14:15   ESE
23  23,5  29,4   16:00  17,6   05:56   6,5  23,5   0,0   1,3  24,1   13:50    SE
24  22,8  29,3   15:43  15,4   06:19   7,2  22,8   0,0   1,3  30,6   15:44    SE
25  24,3  30,5   16:55  18,6   06:38   5,8  24,3   0,0   0,8  17,7   13:59    SE
26  24,3  30,8   12:44  17,4   06:20   5,7  24,3   0,0   1,0  29,0   14:24    SE
27  23,4  28,7   14:24  17,3   06:37   6,6  23,4   0,0   1,2  24,1   14:56   ESE
28  24,8  30,8   12:43  18,8   06:39   5,3  24,8   0,0   1,0  24,1   17:05    SE
29  23,7  29,2   12:11  17,9   05:27   6,3  23,7   0,0   1,3  22,5   13:50   ESE
30  24,0  28,4   16:32  21,3   23:55   6,0  24,0   0,0   0,6  22,5   16:29    SE
----------------------------------------------------------------------------------
    20,2  30,8    26    10,3    10   293,3 606,7  91,3   1,1  32,2    13     ESE

Max >=  30,0:  3
Max <=  10,0:  0
Min <=   0,0:  0
Min <=  -5,0:  0
Max Rain: 21,1 on day 18
Days of Rain: 15 (>= 0,2 mm)  4 (>= 10,0 mm)  1 (>= 20,0 mm)
Heat Base: 30,0  Cool Base: 0,0  Method: Integration