Resums Climàtics NOAA

Selecciona un any o mes per veure el resum
2020: Gen Feb Mar abr Mai Jun jul Ago Set Oct Nov Des
2019: Gen Feb Mar abr Mai Jun jul Ago Set Oct Nov Des
2018: Gen Feb Mar abr Mai Jun jul Ago Set Oct Nov Des
2017: Gen Feb Mar abr Mai Jun jul Ago Set Oct Nov Des
2016: Gen Feb Mar abr Mai Jun jul Ago Set Oct Nov Des

Resum 2020 juliol
                   Monthly Climatological Summary for jul. 2020

Name: Sant Baldiri   City: Lliçà d'Amunt   State: Barcelona
Elevation: 137 m  Lat: N 41° 36' 11"   Lon: E 002° 14' 24"

                  Temperature (°C), Rain (mm), Wind Speed (km/h)

                                      Heat  Cool        Avg
    Mean                              Deg   Deg         Wind                 Dom
Day Temp  High   Time   Low    Time   Days  Days  Rain  Speed High   Time    Dir
----------------------------------------------------------------------------------
 1  25,8  33,6   15:56  18,6   07:02   4,9  25,8   0,0   0,9  17,7   12:36    SE
 2  24,7  30,4   12:47  19,6   06:29   5,3  24,7   0,0   2,3  29,0   16:15     E
 3  21,6  25,8   14:29  18,5   06:28   8,4  21,6  32,2   1,3  29,0   15:53    SE
 4  22,5  26,9   15:40  18,5   08:07   7,5  22,5   0,0   1,1  24,1   15:15   SSE
 5  24,3  31,2   15:58  16,6   05:51   5,9  24,3   0,3   0,8  25,7   17:18   SSE
 6  24,6  32,3   13:08  17,7   06:44   5,6  24,6   0,0   1,1  29,0   15:45   ESE
 7  23,3  28,2   13:28  19,3   05:57   6,7  23,3   0,0   1,4  22,5   15:06    SE
 8  23,7  29,3   14:32  17,8   06:46   6,3  23,7   0,0   1,1  29,0   14:34   ESE
 9  24,9  33,0   15:55  17,8   06:59   5,4  24,9   0,0   0,6  22,5   13:31   ESE
10  24,3  31,2   14:26  19,3   03:26   5,7  24,3   0,0   0,9  37,0   14:50     E
11  23,8  31,2   12:54  16,9   05:49   6,3  23,8   0,0   1,1  30,6   14:26    SE
12  23,5  29,4   11:28  18,4   06:15   6,5  23,5   0,0   1,1  35,4   11:30    SE
13  23,8  31,6   13:18  19,6   23:43   6,3  23,8   2,9   0,7  24,1   15:45   ESE
14  23,3  29,6   13:19  18,6   02:18   6,7  23,3   0,0   1,6  25,7   18:31   ESE
15  22,5  28,8   15:46  17,2   03:41   7,5  22,5   0,0   1,6  24,1   16:32   ESE
16  21,9  26,3   15:25  19,8   10:53   8,1  21,9   0,0   1,0  29,0   15:27    SE
17  23,5  27,5   14:46  19,1   06:58   6,5  23,5   0,0   1,6  25,7   12:31   ESE
18  23,7  29,6   12:49  18,9   06:58   6,2  23,8   0,0   1,7  25,7   14:06   ESE
19  25,0  31,8   12:50  17,9   06:33   5,3  25,0   0,0   1,6  30,6   18:09    SE
20  24,2  31,8   13:03  17,2   06:46   5,8  24,2   0,0   1,0  25,7   13:08   SSE
21  24,7  31,8   12:46  17,3   05:54   5,5  24,7   0,0   0,9  19,3   14:06   ESE
22  24,8  33,0   14:14  17,4   03:55   5,5  24,8   0,0   0,9  22,5   12:37   SSE
23  26,5  32,6   13:36  19,5   06:39   4,1  26,5   0,0   1,0  17,7   12:07   ESE
24  25,0  31,8   13:55  20,7   05:49   5,0  24,6   1,0   1,3  30,6   16:18   ESE
25  25,1  30,6   13:38  19,8   06:07   4,9  25,1   0,0   1,4  30,6   16:15    SE
26  25,2  31,9   13:36  18,6   06:39   5,0  25,2   0,0   1,2  22,5   13:19   ESE
27  26,4  33,7   13:07  19,0   06:20   4,5  26,4   0,0   1,2  29,0   15:46    SE
28  27,2  35,6   14:10  20,6   03:11   4,1  27,2   0,0   0,6  19,3   14:15   SSE
29  26,8  34,6   13:31  19,3   06:18   4,0  26,8   0,0   0,8  20,9   12:04   ESE
30  27,5  36,7   14:03  18,5   06:53   4,3  27,5   0,0   0,8  19,3   12:12    SE
31  27,4  36,0   15:28  18,4   06:22   4,1  27,4   0,0   0,8  17,7   12:18    SE
----------------------------------------------------------------------------------
    24,6  36,7    30    16,6     5   177,9 761,2  36,4   1,1  37,0    10     ESE

Max >=  30,0: 21
Max <=  10,0:  0
Min <=   0,0:  0
Min <=  -5,0:  0
Max Rain: 32,2 on day 3
Days of Rain: 4 (>= 0,2 mm)  1 (>= 10,0 mm)  1 (>= 20,0 mm)
Heat Base: 30,0  Cool Base: 0,0  Method: Integration