Resums Climàtics NOAA

Selecciona un any o mes per veure el resum
2020: Gen Feb Mar abr Mai Jun jul Ago Set Oct Nov Des
2019: Gen Feb Mar abr Mai Jun jul Ago Set Oct Nov Des
2018: Gen Feb Mar abr Mai Jun jul Ago Set Oct Nov Des
2017: Gen Feb Mar abr Mai Jun jul Ago Set Oct Nov Des
2016: Gen Feb Mar abr Mai Jun jul Ago Set Oct Nov Des

Resum 2020 Agost
                   Monthly Climatological Summary for ag. 2020

Name: Sant Baldiri   City: Lliçà d'Amunt   State: Barcelona
Elevation: 137 m  Lat: N 41° 36' 11"   Lon: E 002° 14' 24"

                  Temperature (°C), Rain (mm), Wind Speed (km/h)

                                      Heat  Cool        Avg
    Mean                              Deg   Deg         Wind                 Dom
Day Temp  High   Time   Low    Time   Days  Days  Rain  Speed High   Time    Dir
----------------------------------------------------------------------------------
 1  28,2  35,7   16:24  20,3   06:19   3,5  28,2   0,0   1,1  32,2   14:23    SE
 2  26,8  32,5   13:53  21,7   05:12   3,5  26,8   0,0   2,2  29,0   12:38   ESE
 3  23,5  28,6   13:37  17,3   07:09   6,5  23,5   4,4   1,4  30,6   13:20    SE
 4  23,2  26,7   15:23  20,4   06:15   6,8  23,2   2,9   1,5  29,0   13:35    SE
 5  23,6  29,0   16:43  18,1   07:00   6,4  23,6   0,3   1,5  19,3   12:29     E
 6  25,3  32,6   12:20  18,3   06:26   5,0  25,3   0,0   1,3  22,5   13:44   ESE
 7  26,1  34,7   13:08  17,8   06:28   4,8  26,1   0,0   1,4  24,1   16:13     E
 8  26,6  34,9   14:05  19,2   05:12   4,3  26,6   0,0   0,7  24,1   15:26   ESE
 9  28,3  36,0   17:55  20,8   07:05   3,1  28,3   0,0   0,9  17,7   17:14   ESE
10  27,1  35,6   13:52  19,1   06:52   3,9  27,1   0,0   0,8  24,1   17:25    SE
11  26,9  35,0   13:42  20,8   05:38   3,8  26,9   0,0   0,9  32,2   13:46   ESE
12  27,0  33,3   13:43  21,9   01:28   3,5  27,0   0,0   1,0  22,5   15:53   ESE
13  25,4  31,7   14:31  20,0   06:07   4,8  25,4   0,8   0,8  25,7   15:04   ESE
14  25,4  30,5   13:13  21,2   05:58   4,6  25,4   0,0   1,3  30,6   16:01    SE
15  25,2  31,6   12:43  18,4   07:02   5,0  25,2   0,0   1,5  32,2   16:11    SE
16  23,3  29,9   14:13  18,4   21:13   6,7  23,3   2,6   1,3  30,6   19:29   ESE
17  23,4  29,3   12:59  18,1   06:57   6,6  23,4   0,0   0,7  24,1   12:30   SSE
18  24,4  29,8   13:25  20,6   07:00   5,6  24,4   0,0   0,2  14,5   13:51   ESE
19  25,4  33,3   13:28  17,9   06:43   5,3  25,4   0,0   1,9  37,0   17:20    SE
20  26,0  34,1   13:53  17,9   07:20   4,8  26,0   0,0   1,1  30,6   14:57    SE
21  26,0  33,8   13:50  19,3   07:18   4,5  26,0   0,0   0,8  22,5   15:27   ESE
22  27,2  33,8   13:30  22,4   23:35   3,1  27,3   0,0   1,4  32,2   13:49    SE
23  24,1  29,6   12:27  20,3   03:23   5,9  24,1   0,0   2,1  30,6   14:30    SE
24  24,4  28,2   15:55  21,4   07:02   5,6  24,4   0,0   1,8  35,4   17:39    SE
25  25,6  34,1   14:23  18,4   05:35   5,0  25,6   0,0   1,6  29,0   11:44   SSE
26  26,1  32,6   13:11  19,9   07:16   4,3  26,1   0,0   1,1  24,1   13:58    SE
27  25,5  30,8   14:56  20,0   07:31   4,5  25,5   0,0   1,0  24,1   13:25    SE
28  25,2  31,3   13:27  20,3   07:14   4,9  25,2   0,3   2,1  29,0   20:09     E
29  17,9  23,4   15:51  15,7   23:49  12,1  17,9  13,0   1,0  24,1   03:00     N
30  18,2  25,6   13:43  12,6   05:21  11,8  18,2   0,8   1,9  35,4   19:52     E
31  19,3  27,9   15:39  11,7   07:13  10,7  19,3   0,3   1,3  32,2   16:03   SSE
----------------------------------------------------------------------------------
    24,9  36,0     9    11,7    31   170,9 770,7  25,4   1,3  37,0    19     ESE

Max >=  30,0: 20
Max <=  10,0:  0
Min <=   0,0:  0
Min <=  -5,0:  0
Max Rain: 13,0 on day 29
Days of Rain: 9 (>= 0,2 mm)  1 (>= 10,0 mm)  0 (>= 20,0 mm)
Heat Base: 30,0  Cool Base: 0,0  Method: Integration