Resums Climàtics NOAA


Resum 2020 Setembre
                   Monthly Climatological Summary for set. 2020

Name: Sant Baldiri   City: Lliçà d'Amunt   State: Barcelona
Elevation: 137 m  Lat: N 41° 36' 11"   Lon: E 002° 14' 24"

                  Temperature (°C), Rain (mm), Wind Speed (km/h)

                                      Heat  Cool        Avg
    Mean                              Deg   Deg         Wind                 Dom
Day Temp  High   Time   Low    Time   Days  Days  Rain  Speed High   Time    Dir
----------------------------------------------------------------------------------
 1  19,7  25,2   12:11  13,8   06:30  10,2  19,4   4,7   1,0  20,9   13:47   ESE
 2  20,7  26,8   15:20  14,7   07:30   9,3  20,7   0,0   1,2  24,1   14:23    SE
 3  21,1  27,5   12:56  15,7   07:02   8,9  21,1   0,0   1,3  22,5   16:22   ESE
 4  22,4  30,6   14:10  15,9   06:53   7,6  22,4   0,0   1,1  19,3   16:07   ESE
 5  22,5  29,6   14:07  15,8   07:24   7,5  22,5   0,3   1,0  20,9   13:20   ESE
 6  22,7  29,8   14:28  17,4   07:36   7,3  22,7   0,8   2,1  29,0   15:28     E
 7  18,6  24,8   15:03  14,2   23:50  11,4  18,6  18,2   1,4  25,7   12:56   ESE
 8  18,2  26,9   14:02  12,2   07:38  11,8  18,2   0,3   1,6  35,4   16:26     N
 9  18,8  24,4   14:30  16,4   02:21  11,2  18,8  10,7   0,5  17,7   15:38     N
10  19,8  28,4   15:03  15,6   03:08  10,2  19,8   1,3   0,3  22,5   15:55   ESE
11  22,5  31,0   14:34  16,9   05:31   7,6  22,5   0,0   1,1  24,1   15:08   ESE
12  22,9  32,1   14:04  16,3   06:39   7,2  22,9   0,0   0,6  17,7   15:58   ESE
13  23,6  32,2   14:18  16,3   07:14   6,7  23,6   0,0   0,7  24,1   14:43   SSE
14  22,5  31,1   13:30  15,5   07:30   7,5  22,5   0,0   0,7  17,7   13:30   ESE
15  22,2  30,7   14:02  15,3   07:22   7,8  22,2   0,0   0,7  29,0   16:24    SE
16  23,4  30,9   15:07  16,9   06:54   6,6  23,4   0,3   0,6  20,9   15:34    SE
17  23,5  31,9   15:12  16,9   06:45   6,7  23,5   0,0   0,3  17,7   14:23     S
18  21,5  24,9   18:04  18,3   06:33   8,5  21,5   2,6   0,1  20,9   13:39    SO
19  21,3  28,4   14:21  17,7   06:50   8,7  21,3  22,6   0,6  32,2   15:28   SSE
20  20,9  29,1   15:23  15,1   07:45   9,1  20,9   0,0   1,0  25,7   12:26    SE
21  19,7  23,3   13:03  16,4   23:59  10,3  19,7   0,5   0,4  16,1   13:21     E
22  19,3  26,7   14:15  15,4   07:54  10,7  19,3   1,6   0,7  24,1   15:40   ESE
23  20,6  29,3   16:27  13,8   07:40   9,4  20,6   0,3   0,7  30,6   14:26     S
24  20,9  28,4   13:34  15,3   07:47   9,1  20,9   0,0   2,0  30,6   14:28   SSO
25  19,2  22,8   12:54  14,1   23:59  10,8  19,2   0,0   4,4  51,5   15:11    SO
26  15,5  21,3   14:16   7,9   07:35  14,5  15,5   0,3   1,8  32,2   21:33     S
27  14,4  19,7   11:16   8,3   07:44  15,6  14,4   0,0   1,2  33,8   02:35    NO
28  15,9  24,4   15:47   9,9   02:57  14,1  15,9   0,0   1,0  24,1   14:00   ESE
29  16,8  24,9   14:41  11,4   05:13  13,2  16,8   0,0   0,6  20,9   12:31    SE
30  17,0  25,7   14:37   9,8   06:42  13,0  17,0   0,0   0,6  19,3   12:40    SE
----------------------------------------------------------------------------------
    20,3  32,2    13     7,9    26   292,5 607,8  64,5   1,0  51,5    25      SE

Max >=  30,0:  8
Max <=  10,0:  0
Min <=   0,0:  0
Min <=  -5,0:  0
Max Rain: 22,6 on day 19
Days of Rain: 14 (>= 0,2 mm)  3 (>= 10,0 mm)  1 (>= 20,0 mm)
Heat Base: 30,0  Cool Base: 0,0  Method: Integration